or of 204459?
True
Is 131095 a multiple of 39?
False
Is 52 a factor of 3401280?
False
Is 236147 a multiple of 29?
True
Is 106152 a multiple of 14?
False
Is 3470387 a multiple of 622?
False
Is 3225068 a multiple of 44?
True
Is 311619 a multiple of 31?
False
Is 2195838 a multiple of 27?
False
Does 6 divide 1192233?
False
Does 112 divide 357671?
False
Does 16 divide 553408?
True
Does 6 divide 1432614?
True
Is 1507380 a multiple of 194?
True
Is 1079664 a multiple of 498?
True
Is 102004 a multiple of 8?
False
Is 67 a factor of 1019204?
True
Is 310 a factor of 11924286?
False
Is 33880 a multiple of 70?
True
Is 47 a factor of 328718?
True
Does 19 divide 5189522?
False
Is 299362 a multiple of 13?
False
Is 8 a factor of 169632?
True
Does 47 divide 340186?
True
Is 34343 a multiple of 63?
False
Does 117 divide 1128465?
True
Does 5 divide 28250?
True
Is 6137560 a multiple of 13?
True
Is 2621951 a multiple of 42?
False
Does 557 divide 2194580?
True
Is 4632890 a multiple of 23?
True
Is 79 a factor of 165545?
False
Is 932670 a multiple of 23?
False
Is 651288 a multiple of 385?
False
Is 11 a factor of 99462?
True
Is 306013 a multiple of 10?
False
Is 195 a factor of 4207622?
False
Is 1517825 a multiple of 67?
False
Is 29688 a multiple of 6?
True
Is 744753 a multiple of 21?
False
Is 42596 even?
True
Is 8 a factor of 77584?
True
Is 10755 a multiple of 15?
True
Is 1085321 a multiple of 27?
False
Does 7 divide 3447550?
False
Is 24754 a multiple of 2?
True
Is 7 a factor of 1100337?
True
Does 27 divide 32238?
True
Does 95 divide 16627?
False
Is 3 a factor of 14847?
True
Is 29 a factor of 3340?
False
Does 278 divide 3408261?
False
Is 4415201 a multiple of 53?
False
Is 102 a factor of 865412?
False
Is 340 a multiple of 2?
True
Does 12 divide 132647?
False
Is 259 a factor of 148224?
False
Is 751 a factor of 983059?
True
Is 20524023 a multiple of 16?
False
Is 16104 a multiple of 22?
True
Is 272 a factor of 7988819?
False
Does 11 divide 784147?
False
Does 398 divide 298950?
False
Is 122751 a multiple of 9?
True
Is 340053 a multiple of 169?
False
Is 35 a factor of 3710?
True
Is 3175461 a multiple of 9?
True
Is 76707 a multiple of 143?
False
Does 29 divide 28067?
False
Does 91 divide 1589592?
False
Is 14 a factor of 2615787?
False
Is 106 a factor of 92310?
False
Is 3161423 a multiple of 165?
False
Is 143 a factor of 923638?
False
Does 6 divide 207163?
False
Is 58 a factor of 570028?
False
Is 550340 a multiple of 28?
True
Is 356600 a multiple of 50?
True
Does 170 divide 802003?
False
Is 3 a factor of 74536?
False
Does 35 divide 82635?
True
Does 12 divide 320804?
False
Is 519 a factor of 116775?
True
Is 28 a factor of 7183792?
True
Is 99 a factor of 2289177?
True
Is 105826 a multiple of 18?
False
Is 1196795 a multiple of 557?
False
Does 45 divide 2801025?
True
Does 23 divide 1592814?
False
Is 688 a factor of 208464?
True
Is 119221 a multiple of 58?
False
Does 3 divide 3208042?
False
Does 26 divide 390?
True
Is 1496110 a multiple of 385?
True
Does 45 divide 39886?
False
Is 1012900 a multiple of 20?
True
Is 67 a factor of 306927?
True
Does 17 divide 180012?
False
Is 2147066 a multiple of 236?
False
Is 86792 a multiple of 198?
False
Does 550 divide 4064500?
True
Does 13 divide 241068?
False
Does 23 divide 518295?
False
Is 3 a factor of 5206463?
False
Is 3 a factor of 3780818?
False
Does 84 divide 2444777?
False
Is 158 a factor of 5898140?
True
Is 13026377 a multiple of 888?
False
Is 24 a factor of 1291668?
False
Is 382096 a multiple of 334?
True
Does 103 divide 43990?
False
Is 332 a factor of 167841?
False
Is 100803 a multiple of 65?
False
Is 51 a factor of 97795?
False
Is 439127 a multiple of 33?
False
Is 2277 a factor of 539828?
False
Does 50 divide 37717?
False
Is 267520 a multiple of 256?
True
Is 586875 a multiple of 75?
True
Is 28923 a multiple of 311?
True
Is 518 a factor of 273504?
True
Is 1823 a factor of 2043583?
True
Is 2763278 a multiple of 31?
True
Does 519 divide 939390?
True
Is 44369 a multiple of 7?
False
Is 1291985 a multiple of 234?
False
Is 76455 a multiple of 610?
False
Does 51 divide 150144?
True
Does 38 divide 750070?
False
Does 33 divide 2259926?
False
Does 69 divide 21873?
True
Is 94413 a multiple of 4?
False
Does 18 divide 15464?
False
Is 14980035 a multiple of 805?
False
Is 159080 a multiple of 40?
True
Is 16 a factor of 113705?
False
Does 47 divide 6374434?
False
Is 231924 a multiple of 84?
True
Is 984120 a multiple of 24?
True
Is 90 a factor of 654300?
True
Is 394 a factor of 219246?
False
Is 442 a factor of 276100?
False
Does 19 divide 2911837?
False
Is 173307 a multiple of 123?
True
Is 2992024 a multiple of 4?
True
Is 27502 a multiple of 9?
False
Is 6479 a multiple of 11?
True
Is 2935884 a multiple of 247?
False
Is 73 a factor of 156149?
False
Is 12 a factor of 6813270?
False
Does 46 divide 1592152?
True
Does 206 divide 191580?
True
Is 35503 a multiple of 24?
False
Does 22 divide 23948?
False
Does 174 divide 33234?
True
Is 372927 a multiple of 408?
False
Does 87 divide 67077?
True
Does 1436 divide 1556844?
False
Does 201 divide 896233?
False
Does 67 divide 306495?
False
Is 40185 a multiple of 95?
True
Does 90 divide 25290?
True
Is 10 a factor of 120990?
True
Does 81 divide 3471486?
False
Does 17 divide 41263?
False
Does 66 divide 74539?
False
Is 293940 a multiple of 15?
True
Is 122374 a multiple of 12?
False
Is 45 a factor of 735970?
False
Is 27454 a multiple of 26?
False
Does 29 divide 3739462?
False
Does 5 divide 421383?
False
Is 269551 a multiple of 103?
True
Does 891 divide 3192708?
False
Is 1248140 a multiple of 19?
False
Does 694 divide 2360294?
True
Is 5 a factor of 239461?
False
Does 116 divide 55671?
False
Is 90 a factor of 176130?
True
Is 3391420 a multiple of 10?
True
Does 47 divide 19331241?
True
Is 6653920 a multiple of 910?
True
Is 114 a factor of 1989186?
True
Does 330 divide 206910?
True
Does 11 divide 3952733?
False
Is 436128 a multiple of 154?
True
Is 576626 a multiple of 46?
False
Is 6 a factor of 54036?
True
Does 11 divide 375314?
False
Is 19 a factor of 33801?
True
Is 140378 a multiple of 15?
False
Is 27310631 a multiple of 16?
False
Is 1398320 a multiple of 308?
True
Does 24 divide 438469?
False
Is 6 a factor of 34170?
True
Is 130092 a multiple of 6?
True
Does 20 divide 21764362?
False
Is 7363107 a multiple of 32?
False
Is 95 a factor of 33653?
False
Is 4 a factor of 105980?
True
Does 250 divide 374750?
True
Is 13626052 a multiple of 9?
False
Is 77 a factor of 108234?
False
Does 24 divide 64128?
True
Is 1615578 a multiple of 22?
False
Is 373056 a multiple of 45?
False
Is 13081320 a multiple of 15?
True
Is 13 a factor of 214335?
False
Is 209528 a multiple of 44?
True
Is 4170 a multiple of 6?
True
Is 21 a factor of 2564733?
False
Does 141 divide 1410564?
True
Does 736 divide 1879772?
False
Is 181 a factor of 55748?
True
Is 977817 a multiple of 12?
False
Is 2000873 a multiple of 31?
False
Does 51 divide 9785880?
True
Does 66 divide 9842504?
False
Does 35 divide 27481?
False
Is 19 a factor of 12298?
False
Is 81 a factor of 2430291?
False
Is 4872036 a multiple of 836?
False
Is 22 a factor of 155958?
True
Does 13 divide 1312832?
False
Is 21 a factor of 4703874?
True
Is 409 a factor of 556649?
True
Is 12 a factor of 29962892?
False
Is 44385 a multiple of 11?
True
Is 90521 a multiple of 13?
False
Does 34 divide 211140?
True
Is 15 a factor of 2773346?
False
Does 31 divide 2601272?
True
Does 7 divide 602673?
False
Does 169 divide 9527151?
False
Does 4 divide 922968?
True
Does 109 divide 1102988?
False
Is 8462276 a multiple of 153?
False
Does 1486 divide 11628205?
False
Is 4340370 a multiple of 126?
False
Is 230 a factor of 376970?
True
Does 4 divide 76521?
False
Is 264 a factor of 368936?
False
Is 801 a factor of 657887?
False
Is 45 a factor of 916263?
False
Is 105 a factor of 406236?
False
Is 810742 a multiple of 6?
False
Is 279 a factor of 120927?
False
Is 85 a factor of 68266?
False
Is 175266 a multiple of 642?
True
Is 318 a factor of 110088?
False
Is 68 a factor of 2741284?
True
Is 49255 a multiple of 5?
True
Is 13 a factor of 417374?
False
Is 410957 a multiple of 3?
False
Is 356 a factor of 7558948?
True
Does 34 divide 26829?
False
Is 12 a factor of 142871?
False
Is 13 a factor of 17926?
False
Is 274282 a multiple of 5?
False
I